{"id":131,"date":"2021-10-20T13:22:19","date_gmt":"2021-10-20T11:22:19","guid":{"rendered":"http:\/\/szkolydobregoklimatu.kozienice.pl\/?page_id=131"},"modified":"2022-02-10T09:49:48","modified_gmt":"2022-02-10T08:49:48","slug":"zamowienia-publiczne","status":"publish","type":"page","link":"https:\/\/szkolydobregoklimatu.kozienice.pl\/?page_id=131","title":{"rendered":"Zam\u00f3wienia publiczne"},"content":{"rendered":"\n<hr class=\"wp-block-separator is-style-dots\"\/>\n\n\n\n<p>10.02.2022<\/p>\n\n\n\n<p>S<a href=\"https:\/\/przetargi.pzpkozienice.pl\/#\/offer\/7a6da027-a783-41ee-b62e-ef3da1e9e91a\" target=\"_blank\" rel=\"noreferrer noopener\">zko\u0142y dobrego klimatu-Budowa edukacyjnych stref zielonych w PSP nr 1 i PSP nr 4 w Kozienicach na rzecz \u0142agodzenia klimatu i adaptacji do ich skutk\u00f3w<\/a><\/p>\n\n\n\n<hr class=\"wp-block-separator is-style-dots\"\/>\n\n\n\n<p>1.12.2021<\/p>\n\n\n\n<p>Zakup aparatu fotograficznego (wraz z dostaw\u0105 do siedziby Zamawiaj\u0105cego) przeznaczonego na potrzeby projektu Szko\u0142y dobrego klimatu &#8211; budowa edukacyjnych stref zielonych w PSP nr 1 i PSP nr 4 w Kozienicach na rzecz \u0142agodzenia zmian klimatu i adaptacji do ich skutk\u00f3w realizowanego ze \u015brodk\u00f3w Mechanizmu Finansowego Europejskiego Obszaru Gospodarczego w ramach Programu \u015arodowisko, Energia i Zmiany Klimatu &#8211; \u0141agodzenie zmian klimatu i adaptacja do ich skutk\u00f3w. <\/p>\n\n\n\n<ul class=\"wp-block-list\"><li><a href=\"https:\/\/szkolydobregoklimatu.kozienice.pl\/wp-content\/uploads\/2021\/12\/FI.041-8-20-szkoly-dobrego-klimatu-aparat-fotograficzny-II-zapytanie-ofertowe.pdf\">Zapytanie ofertowe<\/a><\/li><li><a href=\"https:\/\/szkolydobregoklimatu.kozienice.pl\/wp-content\/uploads\/2021\/12\/FI.041-8-20-szkoly-dobrego-klimatu-aparat-fotograficzny-II-zal-nr-1-formularz-ofertowy.docx\">Za\u0142\u0105cznik nr 1<\/a><\/li><li><a href=\"https:\/\/szkolydobregoklimatu.kozienice.pl\/wp-content\/uploads\/2021\/12\/FI.041-8-20-szkoly-dobrego-klimatu-aparat-fotograficzny-II-zal-nr-2-umowa.pdf\">Za\u0142\u0105cznik nr 2<\/a><\/li><li><a href=\"https:\/\/szkolydobregoklimatu.kozienice.pl\/wp-content\/uploads\/2021\/12\/FI.041-8-20-szkoly-dobrego-klimatu-5-aparat-fotograficzny-II-informacja-z-otwarcia-ofert.pdf\">Informacja z otwarcia ofert<\/a><\/li><\/ul>\n\n\n\n<hr class=\"wp-block-separator is-style-dots\"\/>\n\n\n\n<p>23.11.2021<\/p>\n\n\n\n<p>\u015awiadczenie us\u0142ug polegaj\u0105cych na przygotowaniu i przeprowadzeniu dodatkowych zaj\u0119\u0107 pozalekcyjnych w PSP nr 1 i PSP nr 4 oraz zorganizowanie 3 konferencji w ramach projektu &#8222;Szko\u0142y dobrego klimatu ..&#8221;<\/p>\n\n\n\n<ul class=\"wp-block-list\"><li><a href=\"https:\/\/szkolydobregoklimatu.kozienice.pl\/wp-content\/uploads\/2021\/11\/Ogloszenie-o-zamowieniu-08d9ad22-3ff8-5c0c-42b8-43000170eb30.pdf\">Og\u0142oszenie o zam\u00f3wieniu<\/a><\/li><li><a href=\"https:\/\/szkolydobregoklimatu.kozienice.pl\/wp-content\/uploads\/2021\/11\/Zalaczniki.zip\">Za\u0142\u0105czniki do og\u0142oszenia<\/a><\/li><\/ul>\n\n\n\n<hr class=\"wp-block-separator is-style-dots\"\/>\n\n\n\n<p>10.11.2021<\/p>\n\n\n\n<p>Zakup aparatu fotograficznego (wraz z dostaw\u0105 do siedziby Zamawiaj\u0105cego) przeznaczonego na potrzeby projektu Szko\u0142y dobrego klimatu &#8211; budowa edukacyjnych stref zielonych w PSP nr 1 i PSP nr 4 w Kozienicach na rzecz \u0142agodzenia zmian klimatu i adaptacji do ich skutk\u00f3w realizowanego ze \u015brodk\u00f3w Mechanizmu Finansowego Europejskiego Obszaru Gospodarczego w ramach Programu \u015arodowisko, Energia i Zmiany Klimatu &#8211; \u0141agodzenie zmian klimatu i adaptacja do ich skutk\u00f3w.<\/p>\n\n\n\n<ul class=\"wp-block-list\"><li><a href=\"https:\/\/szkolydobregoklimatu.kozienice.pl\/wp-content\/uploads\/2021\/11\/FI.041-8-20-szkoly-dobrego-klimatu-aparat-fotograficzny-zapytanie-ofertowe.pdf\">Zapytanie ofertowe<\/a><\/li><li><a href=\"https:\/\/szkolydobregoklimatu.kozienice.pl\/wp-content\/uploads\/2021\/11\/FI.041-8-20-szkoly-dobrego-klimatu-aparat-fotograficzny-zal-nr-1-formularz-ofertowy.docx\">Za\u0142\u0105cznik nr 1<\/a><\/li><li><a href=\"https:\/\/szkolydobregoklimatu.kozienice.pl\/wp-content\/uploads\/2021\/11\/FI.041-8-20-szkoly-dobrego-klimatu-aparat-fotograficzny-zal-nr-2-umowa.pdf\">Za\u0142\u0105cznik nr 2<\/a><\/li><li><a href=\"https:\/\/szkolydobregoklimatu.kozienice.pl\/wp-content\/uploads\/2021\/11\/FI.041-8-20-szkoly-dobrego-klimatu-aparat-fotograficzny-uniewaznienie-postepowania.pdf\">Uniewa\u017cnienie post\u0119powania<\/a><\/li><\/ul>\n\n\n\n<hr class=\"wp-block-separator is-style-dots\"\/>\n\n\n\n<p>10.11.2021<\/p>\n\n\n\n<p>Zakup projektora multimedialnego z ekranem (wraz z dostaw\u0105 do siedziby Zamawiaj\u0105cego) przeznaczonego na potrzeby projektu Szko\u0142y dobrego klimatu &#8211; budowa edukacyjnych stref zielonych w PSP nr 1 i PSP nr 4 w Kozienicach na rzecz \u0142agodzenia zmian klimatu i adaptacji do ich skutk\u00f3w realizowanego ze \u015brodk\u00f3w Mechanizmu Finansowego Europejskiego Obszaru Gospodarczego w ramach Programu \u015arodowisko, Energia i Zmiany Klimatu &#8211; \u0141agodzenie zmian klimatu i adaptacja do ich skutk\u00f3w.<\/p>\n\n\n\n<ul class=\"wp-block-list\"><li><a href=\"https:\/\/szkolydobregoklimatu.kozienice.pl\/wp-content\/uploads\/2021\/11\/FI.041-8-20-szkoly-dobrego-klimatu-projektor-multimedialny-zapytanie-ofertowe.pdf\">Zapytanie ofertowe<\/a><\/li><li><a href=\"https:\/\/szkolydobregoklimatu.kozienice.pl\/wp-content\/uploads\/2021\/11\/FI.041-8-20-szkoly-dobrego-klimatu-projektor-multimedialny-zal-nr-1-formularz-ofertowy.docx\">Za\u0142\u0105cznik nr 1<\/a><\/li><li><a href=\"https:\/\/szkolydobregoklimatu.kozienice.pl\/wp-content\/uploads\/2021\/11\/FI.041-8-20-szkoly-dobrego-klimatu-projektor-multimedialny-zal-nr-2-umowa.pdf\">Za\u0142\u0105cznik nr 2<\/a><\/li><li><a href=\"https:\/\/szkolydobregoklimatu.kozienice.pl\/wp-content\/uploads\/2021\/11\/FI.041-8-20-szkoly-dobrego-klimatu-projektor-multimedialny-informacja-z-otwarcia-ofert.pdf\">Informacja z otwarcia ofert<\/a><\/li><\/ul>\n\n\n\n<hr class=\"wp-block-separator is-style-dots\"\/>\n\n\n\n<p>10.11.2021<\/p>\n\n\n\n<p>Zakup laptopa (wraz z dostaw\u0105 do siedziby Zamawiaj\u0105cego) przeznaczonego na potrzeby projektu Szko\u0142y dobrego klimatu &#8211; budowa edukacyjnych stref zielonych w PSP nr 1 i PSP nr 4 w Kozienicach na rzecz \u0142agodzenia zmian klimatu i adaptacji do ich skutk\u00f3w realizowanego ze \u015brodk\u00f3w Mechanizmu Finansowego Europejskiego Obszaru Gospodarczego w ramach Programu \u015arodowisko, Energia i Zmiany Klimatu &#8211; \u0141agodzenie zmian klimatu i adaptacja do ich skutk\u00f3w.<\/p>\n\n\n\n<ul class=\"wp-block-list\"><li><a href=\"https:\/\/szkolydobregoklimatu.kozienice.pl\/wp-content\/uploads\/2021\/11\/FI.041-8-20-szkoly-dobrego-klimatu-laptop-zapytanie-ofertowe.pdf\">Zapytanie ofertowe<\/a><\/li><li><a href=\"https:\/\/szkolydobregoklimatu.kozienice.pl\/wp-content\/uploads\/2021\/11\/FI.041-8-20-szkoly-dobrego-klimatu-laptop-zal-nr-1-formularz-ofertowy.docx\">Za\u0142\u0105cznik nr 1<\/a><\/li><li><a href=\"https:\/\/szkolydobregoklimatu.kozienice.pl\/wp-content\/uploads\/2021\/11\/FI.041-8-20-szkoly-dobrego-klimatu-laptop-zal-nr-2-umowa.pdf\">Za\u0142\u0105cznik nr 2<\/a><\/li><li><a href=\"https:\/\/szkolydobregoklimatu.kozienice.pl\/wp-content\/uploads\/2021\/11\/FI.041-8-20-szkoly-dobrego-klimatu-laptop-pytania-i-odpowiedzi-1.pdf\">Informacja nr 1<\/a><\/li><li><a href=\"https:\/\/szkolydobregoklimatu.kozienice.pl\/wp-content\/uploads\/2021\/11\/FI.041-8-20-szkoly-dobrego-klimatu-laptop-informacja-z-otwarcia-ofert.pdf\">Informacja z otwarcia ofert<\/a><\/li><\/ul>\n\n\n\n<hr class=\"wp-block-separator is-style-dots\"\/>\n\n\n\n<p>3.11.2021<\/p>\n\n\n\n<p>Zakup materia\u0142\u00f3w biurowych z logo Projektu (wraz z ich dostaw\u0105 do siedziby Zamawiaj\u0105cego) przeznaczonych na potrzeby projektu Szko\u0142y dobrego klimatu &#8211; budowa edukacyjnych stref zielonych w PSP nr 1 i PSP nr 4 w Kozienicach na rzecz \u0142agodzenia zmian klimatu i adaptacji do ich skutk\u00f3w realizowanego ze \u015brodk\u00f3w Mechanizmu Finansowego Europejskiego Obszaru Gospodarczego w ramach Programu \u015arodowisko, Energia i Zmiany Klimatu &#8211; \u0141agodzenie zmian klimatu i adaptacja do ich skutk\u00f3w.<\/p>\n\n\n\n<ul class=\"wp-block-list\"><li><a href=\"https:\/\/szkolydobregoklimatu.kozienice.pl\/wp-content\/uploads\/2021\/11\/FI.041-8-20-szkoly-dobrego-klimatu-materialy-biurowe-zapytanie-ofertowe.pdf\">Zapytanie ofertowe<\/a><\/li><li><a href=\"https:\/\/szkolydobregoklimatu.kozienice.pl\/wp-content\/uploads\/2021\/11\/FI.041-8-20-szkoly-dobrego-klimatu-materialy-biurowe-zal-nr-1-formularz-ofertowy.docx\">Za\u0142\u0105cznik nr 1<\/a><\/li><li><a href=\"https:\/\/szkolydobregoklimatu.kozienice.pl\/wp-content\/uploads\/2021\/11\/FI.041-8-20-szkoly-dobrego-klimatu-materialy-biurowe-zal-nr-2-umowa.pdf\">Za\u0142\u0105cznik nr 2<\/a><\/li><li><a href=\"https:\/\/szkolydobregoklimatu.kozienice.pl\/wp-content\/uploads\/2021\/11\/FI.041-8-20-szkoly-dobrego-klimatu-materialy-biurowe-zal-nr-3-grafika.png\">Za\u0142\u0105cznik nr 3<\/a><\/li><li><a href=\"https:\/\/szkolydobregoklimatu.kozienice.pl\/wp-content\/uploads\/2021\/11\/FI.041-8-20-szkoly-dobrego-klimatu-materialy-biurowe-informacja-z-otwarcia-ofert.pdf\">Informacja z otwarcia ofert<\/a><\/li><\/ul>\n\n\n\n<hr class=\"wp-block-separator is-style-dots\"\/>\n\n\n\n<p>28.10.2021<\/p>\n\n\n\n<p><span style=\"font-size: revert; color: initial;\">Zakup materia\u0142\u00f3w promocyjnych na potrzeby projektu &#8222;Szko\u0142y Dobrego Klimatu &#8211; budowa edukacyjnych stref zielonych w Publicznej Szkole Podstawowej nr 1 i Publicznej Szkole Podstawowej nr 4 w Kozienicach na rzecz \u0142agodzenia klimatu i adaptacji do ich skutk\u00f3w&#8221; realizowanego ze \u015brodk\u00f3w Mechanizmu Finansowego Europejskiego Obszaru Gospodarczego w ramach Programu \u015arodowisko, Energia i Zmiany Klimatu &#8211; \u0141agodzenie zmian klimatu i adaptacja do ich skutk\u00f3w.<\/span><\/p>\n\n\n\n<ul class=\"wp-block-list\"><li><a href=\"https:\/\/szkolydobregoklimatu.kozienice.pl\/wp-content\/uploads\/2021\/10\/FI.041-8-20-szko\u253cey-dobrego-klimatu-materia\u253cey-promocyjne-zapytanie-ofertowe.pdf\">Zapytanie ofertowe<\/a><\/li><li><a href=\"https:\/\/szkolydobregoklimatu.kozienice.pl\/wp-content\/uploads\/2021\/10\/FI.041-8-20-szkoly-dobrego-klimatu-materialy-promocyjne-zal-nr-1-formularz-ofertowy.docx\">Za\u0142\u0105cznik nr 1<\/a><\/li><li><a href=\"https:\/\/szkolydobregoklimatu.kozienice.pl\/wp-content\/uploads\/2021\/10\/FI.041-8-20-szko\u253cey-dobrego-klimatu-materia\u253cey-promocyjne-za\u253ce-nr-2-umowa.pdf\">Za\u0142\u0105cznik nr 2<\/a><\/li><li><a href=\"https:\/\/szkolydobregoklimatu.kozienice.pl\/wp-content\/uploads\/2021\/10\/FI.041-8-20-szko\u253cey-dobrego-klimatu-materia\u253cey-promocyjne-za\u253ce-nr-3-grafika.png\">Za\u0142\u0105cznik nr 3<\/a><\/li><li><a href=\"https:\/\/szkolydobregoklimatu.kozienice.pl\/wp-content\/uploads\/2021\/11\/FI.041-8-20-szkoly-dobrego-klimatu-materialy-promocyjne-informacja-z-otwarcia-ofert.pdf\">Informacja z otwarcia ofert<\/a><\/li><\/ul>\n\n\n\n<hr class=\"wp-block-separator is-style-dots\"\/>\n\n\n\n<p><\/p>\n","protected":false},"excerpt":{"rendered":"<p>10.02.2022 Szko\u0142y dobrego klimatu-Budowa edukacyjnych stref zielonych w PSP nr 1 i PSP nr 4 w Kozienicach na rzecz \u0142agodzenia klimatu i adaptacji do ich skutk\u00f3w 1.12.2021 Zakup aparatu fotograficznego (wraz z dostaw\u0105 do siedziby Zamawiaj\u0105cego) przeznaczonego na potrzeby projektu Szko\u0142y dobrego klimatu &#8211; budowa edukacyjnych stref zielonych w PSP nr 1 i PSP nr [&hellip;]<\/p>\n","protected":false},"author":1,"featured_media":0,"parent":0,"menu_order":0,"comment_status":"closed","ping_status":"closed","template":"","meta":{"footnotes":""},"class_list":["post-131","page","type-page","status-publish","hentry"],"_links":{"self":[{"href":"https:\/\/szkolydobregoklimatu.kozienice.pl\/index.php?rest_route=\/wp\/v2\/pages\/131","targetHints":{"allow":["GET"]}}],"collection":[{"href":"https:\/\/szkolydobregoklimatu.kozienice.pl\/index.php?rest_route=\/wp\/v2\/pages"}],"about":[{"href":"https:\/\/szkolydobregoklimatu.kozienice.pl\/index.php?rest_route=\/wp\/v2\/types\/page"}],"author":[{"embeddable":true,"href":"https:\/\/szkolydobregoklimatu.kozienice.pl\/index.php?rest_route=\/wp\/v2\/users\/1"}],"replies":[{"embeddable":true,"href":"https:\/\/szkolydobregoklimatu.kozienice.pl\/index.php?rest_route=%2Fwp%2Fv2%2Fcomments&post=131"}],"version-history":[{"count":42,"href":"https:\/\/szkolydobregoklimatu.kozienice.pl\/index.php?rest_route=\/wp\/v2\/pages\/131\/revisions"}],"predecessor-version":[{"id":243,"href":"https:\/\/szkolydobregoklimatu.kozienice.pl\/index.php?rest_route=\/wp\/v2\/pages\/131\/revisions\/243"}],"wp:attachment":[{"href":"https:\/\/szkolydobregoklimatu.kozienice.pl\/index.php?rest_route=%2Fwp%2Fv2%2Fmedia&parent=131"}],"curies":[{"name":"wp","href":"https:\/\/api.w.org\/{rel}","templated":true}]}}